{"id":688,"date":"2018-01-17T14:49:37","date_gmt":"2018-01-17T13:49:37","guid":{"rendered":"http:\/\/esquisse-ean.net\/?page_id=688"},"modified":"2024-09-22T12:32:34","modified_gmt":"2024-09-22T10:32:34","slug":"statuts","status":"publish","type":"page","link":"https:\/\/www.esquisse-ean.net\/?page_id=688","title":{"rendered":"Statuts"},"content":{"rendered":"<h3>ARTICLE 1 : DENOMINATION<\/h3>\n<p>Il est fond\u00e9 entre les adh\u00e9rents aux pr\u00e9sents statuts une association r\u00e9gie par la loi du 1er juillet 1901 et le d\u00e9cret du 16 ao\u00fbt 1901, ayant pour d\u00e9nomination : \u00a0\u00bb Esquisse \u00ab\u00a0.<\/p>\n<h3>ARTICLE 2 : OBJET<\/h3>\n<p>L\u2019association a pour objet de compl\u00e9ter et prolonger l\u2019enseignement th\u00e9orique par un enseignement pratique constitu\u00e9 par la mise en application des enseignements gr\u00e2ce \u00e0 la participation \u00e0 des travaux en liaison avec les entreprises, les collectivit\u00e9s locales et les diff\u00e9rents organismes concern\u00e9s par le type d\u2019enseignement \u00e0 l\u2019\u00e9cole.<\/p>\n<h3>ARTICLE 3 : SIEGE SOCIAL<\/h3>\n<p>Le si\u00e8ge social est fix\u00e9 dans les locaux de l\u2019\u00e9cole d\u2019architecture de Nantes, 6 quai Fran\u00e7ois Mitterrand, BP16202 44262 Nantes Cedex 2. Il pourra \u00eatre transf\u00e9r\u00e9 sur d\u00e9cision de l\u2019assembl\u00e9e g\u00e9n\u00e9rale ordinaire.<\/p>\n<h3>ARTICLE 3 bis : DUREE DE VIE<\/h3>\n<p>La dur\u00e9e de l\u2019association est fix\u00e9e pour 99 ans.<\/p>\n<h3>ARTICLE 4 : COMPOSITION DE L\u2019ASSOCIATION<\/h3>\n<p>L\u2019association se compose :<\/p>\n<ul>\n<li>De membres adh\u00e9rents : ensemble des \u00e9tudiants de l\u2019ENSA Nantes, versant une cotisation annuelle fix\u00e9e chaque ann\u00e9e par l\u2019assembl\u00e9e g\u00e9n\u00e9rale ordinaire sur proposition du conseil d\u2019administration, et ayant ainsi droit de r\u00e9aliser des missions r\u00e9mun\u00e9r\u00e9es aupr\u00e8s d&rsquo;entreprise du domaine de l&rsquo;architecture.<\/li>\n<li>De membres actifs, b\u00e9n\u00e9voles participant \u00e0 l&rsquo;activit\u00e9 et au bon fonctionnement de l&rsquo;association, exon\u00e9r\u00e9s de la cotisation annuelle.<\/li>\n<li>De membres d\u2019honneur : personnes ayant rendu des services signal\u00e9s \u00e0 l\u2019association,\u00a0 dispens\u00e9s eux aussi de la cotisation d&rsquo;adh\u00e9sion.<\/li>\n<\/ul>\n<h3>ARTICLE 5 : ADMISSION<\/h3>\n<p>Peuvent \u00eatre membres adh\u00e9rents, pour profiter des missions propos\u00e9es par Esquisse, tous les \u00e9tudiants inscrits \u00e0 l\u2019ENSA de Nantes en cycle LICENCE ou de MASTER, et jouissant d\u2019une couverture sociale.<\/p>\n<h3>ARTICLE 6 : RADIATION<\/h3>\n<p>La qualit\u00e9 de membre se perd par :<\/p>\n<ul>\n<li>D\u00e9mission.<\/li>\n<li>D\u00e9c\u00e8s.<\/li>\n<li>La radiation prononc\u00e9e par le bureau pour non paiement de la cotisation ou pour motif grave, l\u2019int\u00e9ress\u00e9 doit \u00eatre invit\u00e9 \u00e0 se pr\u00e9senter devant le bureau pour fournir des explications. Dans le cadre d&rsquo;une radiation, le comit\u00e9 des membres du bureau devront obligatoirement justifier leur d\u00e9cision exceptionnelle (manquement au respect du r\u00e8glement int\u00e9rieur de l&rsquo;association, non paiement de la cotisation apr\u00e8s de nombreuses relances, &#8230;).<\/li>\n<li>Perte du statut d\u2019\u00e9tudiants de l\u2019ENSAN.<\/li>\n<li>Perte de la qualit\u00e9 d\u2019assur\u00e9 social.<\/li>\n<\/ul>\n<h3>ARTICLE 7 : RESSOURCES<\/h3>\n<p>Les ressources de l\u2019association comprennent les cotisations et les subventions de tout organisme autoris\u00e9es par la loi, ainsi que le produit de r\u00e9tributions \u00e9ventuelles per\u00e7ues pour services rendu aux membres ou \u00e0 un tiers.<\/p>\n<h3>ARTICLE 8 : CONSEIL D\u2019ADMINISTRATION<\/h3>\n<p>L\u2019association est dirig\u00e9e par un conseil d\u2019administration compos\u00e9 de membres actifs \u00e9lus pour trois ans par l\u2019assembl\u00e9e g\u00e9n\u00e9rale ordinaire.<\/p>\n<h3>ARTICLE 9 : BUREAU<\/h3>\n<p>Le conseil d\u2019administration choisit au scrutin secret un bureau ex\u00e9cutif compos\u00e9 :<\/p>\n<ul>\n<li>d\u2019un pr\u00e9sident.<\/li>\n<li>d&rsquo;un vice pr\u00e9sident (suivant le nombre de membres de l&rsquo;association)<\/li>\n<li>d\u2019un tr\u00e9sorier.<\/li>\n<li>d\u2019un secr\u00e9taire g\u00e9n\u00e9ral.<\/li>\n<li>d&rsquo;un membre d&rsquo;honneur (\u00e0 titre exceptionnel pour l&rsquo;int\u00e9r\u00eat de l&rsquo;association et si n\u00e9cessaire)<\/li>\n<\/ul>\n<p>Les modalit\u00e9s d\u2019admission au bureau, ainsi que ses droits et devoirs sont d\u00e9crits dans le r\u00e8glement int\u00e9rieur.<\/p>\n<h3>ARTICLE 10 : DEMISSION DES MEMBRES DU CA<\/h3>\n<p>La qualit\u00e9 de membre du CA se perd par d\u00e9mission adress\u00e9e au pr\u00e9sident, ou radiation prononc\u00e9e par au moins deux tiers des membres du conseil d\u2019administration pour non respect des clauses stipul\u00e9es dans le r\u00e8glement int\u00e9rieur.<\/p>\n<h3>ARTICLE 11 : ASSEMBLEE GENERALE ORDINAIRE<\/h3>\n<p>L\u2019assembl\u00e9e g\u00e9n\u00e9rale ordinaire comprend tous les membres de l\u2019association \u00e0 jour de leur cotisation.<\/p>\n<p>Elle conna\u00eet du fonctionnement de l\u2019association.<\/p>\n<p>Pour ce faire, elle \u00e9lit les membres du conseil d\u2019Administration :<\/p>\n<ul>\n<li>Le pr\u00e9sident, assist\u00e9 des membres du bureau, pr\u00e9side l\u2019assembl\u00e9e et expose la situation morale de l\u2019association ainsi que les perspectives et projets, et soumet son bilan \u00e0 son approbation.<\/li>\n<li>Le tr\u00e9sorier rend compte de sa gestion financi\u00e8re et soumet son bilan \u00e0 l\u2019approbation de l\u2019assembl\u00e9e. L\u2019assembl\u00e9e est convoqu\u00e9e au moins une fois par an, dans les six mois qui suivent la cl\u00f4ture de l\u2019exercice fiscal, par le secr\u00e9taire, 15 jours ouvrables \u00e0 l\u2019avance par affichage dans l\u2019\u00e9cole.<\/li>\n<\/ul>\n<p>Le quorum est fix\u00e9 \u00e0 moiti\u00e9 des membres.<\/p>\n<p>Si le quorum n\u2019est pas atteint, une deuxi\u00e8me assembl\u00e9e A. G. O. est convoqu\u00e9e, 15 jours ouvrables \u00e0 l\u2019avance par affichage dans l\u2019\u00e9cole, et le quorum est fix\u00e9 au nombre de personnes pr\u00e9sentes.<\/p>\n<h3>ARTICLE 12 : ASSEMBLEE GENERALE EXTRAORDINAIRE<\/h3>\n<p>De composition et de fonctionnement identiques \u00e0 l\u2019 A. G. O., une Assembl\u00e9e G\u00e9n\u00e9rale Extraordinaire peut \u00eatre convoqu\u00e9e par le pr\u00e9sident ou sur la demande de la moiti\u00e9 plus un des membres.<\/p>\n<p>Son fonctionnement est identique \u00e0 l\u2019 A. G. O..<\/p>\n<h3>ARTICLE 13 : DOMAINES DE COMPETENCES<\/h3>\n<p>Nous avons d\u00e9fini nos activit\u00e9s par rapport \u00e0 tout ce qui est susceptible d\u2019apporter un apport p\u00e9dagogique aux membres adh\u00e9rents. Les missions propos\u00e9es par l&rsquo;association restent dans le cadre des \u00e9tudes d&rsquo;architecture exclusivement.<\/p>\n<h3>ARTICLE 14 : REGLEMENT INTERIEUR<\/h3>\n<p>Un r\u00e8glement int\u00e9rieur, destin\u00e9 \u00e0 appuyer les pr\u00e9sents statuts et \u00e0 d\u00e9crire le fonctionnement de l\u2019association, est \u00e9tabli par le Conseil d\u2019Administration et approuv\u00e9 par l\u2019 A. G. O., toute modification de ce r\u00e8glement doit \u00eatre \u00e0 nouveau approuv\u00e9 par une assembl\u00e9e g\u00e9n\u00e9rale.<\/p>\n<h3>ARTICLE 15 : MODIFICATION DES STATUTS<\/h3>\n<p>Elle est propos\u00e9e par le conseil d\u2019administration r\u00e9uni au complet avec vote unanime, \u00e0 une Assembl\u00e9e G\u00e9n\u00e9rale Extraordinaire convoqu\u00e9e pour la circonstance dans les conditions d\u00e9crites \u00e0 l\u2019article 12.<\/p>\n<h3>ARTICLE 16 : DISSOLUTION<\/h3>\n<p>La dissolution d\u2019Esquisse ne pourra \u00eatre vot\u00e9e que lors d\u2019une Assembl\u00e9e G\u00e9n\u00e9rale Extraordinaire et \u00e0 l\u2019unanimit\u00e9 des membres pr\u00e9sents.<\/p>\n<p>Un ou plusieurs liquidateurs sont nomm\u00e9s par celle-ci et l\u2019actif, s\u2019il y a lieu, d\u00e9volu conform\u00e9ment \u00e0 l\u2019article 9 de la loi du 1er juillet 1901 et du d\u00e9cret du 16 ao\u00fbt 1901.<\/p>\n","protected":false},"excerpt":{"rendered":"<p>ARTICLE 1 : DENOMINATION Il est fond\u00e9 entre les adh\u00e9rents aux pr\u00e9sents statuts une association r\u00e9gie par la loi du 1er juillet 1901 et le d\u00e9cret du 16 ao\u00fbt 1901, ayant pour d\u00e9nomination : \u00a0\u00bb Esquisse \u00ab\u00a0. ARTICLE 2 : OBJET L\u2019association a pour objet de compl\u00e9ter et prolonger l\u2019enseignement th\u00e9orique par un enseignement pratique &hellip; <\/p>\n<p class=\"link-more\"><a href=\"https:\/\/www.esquisse-ean.net\/?page_id=688\" class=\"more-link\">Continuer la lecture<span class=\"screen-reader-text\"> de &laquo;&nbsp;Statuts&nbsp;&raquo;<\/span><\/a><\/p>\n","protected":false},"author":1499,"featured_media":0,"parent":0,"menu_order":0,"comment_status":"closed","ping_status":"closed","template":"","meta":{"footnotes":""},"class_list":["post-688","page","type-page","status-publish","hentry"],"aioseo_notices":[],"_links":{"self":[{"href":"https:\/\/www.esquisse-ean.net\/index.php?rest_route=\/wp\/v2\/pages\/688","targetHints":{"allow":["GET"]}}],"collection":[{"href":"https:\/\/www.esquisse-ean.net\/index.php?rest_route=\/wp\/v2\/pages"}],"about":[{"href":"https:\/\/www.esquisse-ean.net\/index.php?rest_route=\/wp\/v2\/types\/page"}],"author":[{"embeddable":true,"href":"https:\/\/www.esquisse-ean.net\/index.php?rest_route=\/wp\/v2\/users\/1499"}],"replies":[{"embeddable":true,"href":"https:\/\/www.esquisse-ean.net\/index.php?rest_route=%2Fwp%2Fv2%2Fcomments&post=688"}],"version-history":[{"count":5,"href":"https:\/\/www.esquisse-ean.net\/index.php?rest_route=\/wp\/v2\/pages\/688\/revisions"}],"predecessor-version":[{"id":1939,"href":"https:\/\/www.esquisse-ean.net\/index.php?rest_route=\/wp\/v2\/pages\/688\/revisions\/1939"}],"wp:attachment":[{"href":"https:\/\/www.esquisse-ean.net\/index.php?rest_route=%2Fwp%2Fv2%2Fmedia&parent=688"}],"curies":[{"name":"wp","href":"https:\/\/api.w.org\/{rel}","templated":true}]}}