{"id":592,"date":"2017-09-23T11:46:30","date_gmt":"2017-09-23T09:46:30","guid":{"rendered":"http:\/\/esquisse-ean.net\/?page_id=592"},"modified":"2024-12-11T13:22:50","modified_gmt":"2024-12-11T12:22:50","slug":"annonces","status":"publish","type":"page","link":"https:\/\/www.esquisse-ean.net\/?page_id=592","title":{"rendered":"Consulter les annonces"},"content":{"rendered":"<p><strong><span style=\"color: #000000;\">Int\u00e9ress\u00e9.e.s et motiv\u00e9.e.s \u00e0 entamer une exp\u00e9rience dans le milieu professionnel ?<\/span><\/strong><\/p>\n<p><span style=\"color: #000000;\">Rendez-vous sur votre espace <a href=\"https:\/\/app.jobers.fr\/\">Jobers<\/a> !<\/span><\/p>\n\n","protected":false},"excerpt":{"rendered":"<p>Int\u00e9ress\u00e9.e.s et motiv\u00e9.e.s \u00e0 entamer une exp\u00e9rience dans le milieu professionnel ? Rendez-vous sur votre espace Jobers !<\/p>\n","protected":false},"author":1499,"featured_media":0,"parent":0,"menu_order":0,"comment_status":"closed","ping_status":"closed","template":"","meta":{"footnotes":""},"class_list":["post-592","page","type-page","status-publish","hentry"],"aioseo_notices":[],"_links":{"self":[{"href":"https:\/\/www.esquisse-ean.net\/index.php?rest_route=\/wp\/v2\/pages\/592","targetHints":{"allow":["GET"]}}],"collection":[{"href":"https:\/\/www.esquisse-ean.net\/index.php?rest_route=\/wp\/v2\/pages"}],"about":[{"href":"https:\/\/www.esquisse-ean.net\/index.php?rest_route=\/wp\/v2\/types\/page"}],"author":[{"embeddable":true,"href":"https:\/\/www.esquisse-ean.net\/index.php?rest_route=\/wp\/v2\/users\/1499"}],"replies":[{"embeddable":true,"href":"https:\/\/www.esquisse-ean.net\/index.php?rest_route=%2Fwp%2Fv2%2Fcomments&post=592"}],"version-history":[{"count":223,"href":"https:\/\/www.esquisse-ean.net\/index.php?rest_route=\/wp\/v2\/pages\/592\/revisions"}],"predecessor-version":[{"id":2094,"href":"https:\/\/www.esquisse-ean.net\/index.php?rest_route=\/wp\/v2\/pages\/592\/revisions\/2094"}],"wp:attachment":[{"href":"https:\/\/www.esquisse-ean.net\/index.php?rest_route=%2Fwp%2Fv2%2Fmedia&parent=592"}],"curies":[{"name":"wp","href":"https:\/\/api.w.org\/{rel}","templated":true}]}}