{"id":28,"date":"2011-09-15T08:06:32","date_gmt":"2011-09-15T06:06:32","guid":{"rendered":"http:\/\/esquisse-ean.net\/?page_id=28"},"modified":"2024-09-22T12:00:25","modified_gmt":"2024-09-22T10:00:25","slug":"deposer-une-annonce","status":"publish","type":"page","link":"https:\/\/www.esquisse-ean.net\/?page_id=28","title":{"rendered":"D\u00e9poser une Annonce"},"content":{"rendered":"<p><em>Esquisse \u00e9volue ! <\/em><\/p>\n<p><strong>Pour publier votre annonce, il vous faudra maintenant cr\u00e9er un compte (unique et r\u00e9utilisable) sur le site <a href=\"https:\/\/www.jobers.fr\/entreprise\">Jobers<\/a>.<\/strong><\/p>\n<p>Par cette plateforme, vous aurez acc\u00e8s aux profils des \u00e9tudiants int\u00e9ress\u00e9s par votre mission.<\/p>\n","protected":false},"excerpt":{"rendered":"<p>Esquisse \u00e9volue ! Pour publier votre annonce, il vous faudra maintenant cr\u00e9er un compte (unique et r\u00e9utilisable) sur le site Jobers. Par cette plateforme, vous aurez acc\u00e8s aux profils des \u00e9tudiants int\u00e9ress\u00e9s par votre mission.<\/p>\n","protected":false},"author":1499,"featured_media":0,"parent":0,"menu_order":0,"comment_status":"closed","ping_status":"open","template":"","meta":{"footnotes":""},"class_list":["post-28","page","type-page","status-publish","hentry"],"aioseo_notices":[],"_links":{"self":[{"href":"https:\/\/www.esquisse-ean.net\/index.php?rest_route=\/wp\/v2\/pages\/28","targetHints":{"allow":["GET"]}}],"collection":[{"href":"https:\/\/www.esquisse-ean.net\/index.php?rest_route=\/wp\/v2\/pages"}],"about":[{"href":"https:\/\/www.esquisse-ean.net\/index.php?rest_route=\/wp\/v2\/types\/page"}],"author":[{"embeddable":true,"href":"https:\/\/www.esquisse-ean.net\/index.php?rest_route=\/wp\/v2\/users\/1499"}],"replies":[{"embeddable":true,"href":"https:\/\/www.esquisse-ean.net\/index.php?rest_route=%2Fwp%2Fv2%2Fcomments&post=28"}],"version-history":[{"count":13,"href":"https:\/\/www.esquisse-ean.net\/index.php?rest_route=\/wp\/v2\/pages\/28\/revisions"}],"predecessor-version":[{"id":2079,"href":"https:\/\/www.esquisse-ean.net\/index.php?rest_route=\/wp\/v2\/pages\/28\/revisions\/2079"}],"wp:attachment":[{"href":"https:\/\/www.esquisse-ean.net\/index.php?rest_route=%2Fwp%2Fv2%2Fmedia&parent=28"}],"curies":[{"name":"wp","href":"https:\/\/api.w.org\/{rel}","templated":true}]}}